hat is m(-4)?
-8
Let o(z) = -z**3 + 117*z**2 - 349*z + 795. Determine o(114).
-3
Let q(p) = 25*p**2 - 16*p + 114. Give q(8).
1586
Let i(p) = -17364*p - 243121. Determine i(-14).
-25
Let t(w) = -376*w - 14919. Calculate t(-40).
121
Let m(r) = -314*r - 17909. Give m(-57).
-11
Let z(u) = u**3 + 502*u**2 + 990*u - 5010. Calculate z(-500).
-10
Let b(o) = o**2 + 122*o + 2942. Calculate b(-33).
5
Let z(i) = -111*i - 10018. Calculate z(-90).
-28
Let u(n) = -185651*n + 5569510. Calculate u(30).
-20
Let l(r) = 3*r**2 + 31*r + 1450. Give l(-23).
2324
Let k(p) = -2075*p**2 - 902628*p - 1297. Give k(-435).
8
Let h(w) = -63*w**2 - 1427*w - 7111. Give h(-5).
-1551
Let n(c) = 488*c**2 + 2996*c + 101. Determine n(-6).
-307
Let k(g) = 2460*g + 61533. What is k(-25)?
33
Let x(g) = 15509*g + 1519948. Calculate x(-98).
66
Let a(i) = 6983*i + 48875. Determine a(-7).
-6
Let s(k) = -2342*k - 2282. Give s(-1).
60
Let k(f) = -5*f**3 + 57*f**2 + 83*f - 561. Give k(12).
3
Let a(c) = c**2 + 2551*c + 384788. Give a(-161).
-2
Let s(z) = 5*z**2 + 3348*z + 181777. What is s(-610)?
-3
Let r(l) = -2*l**3 - 8*l**2 + 63*l + 148. Determine r(-2).
6
Let x(g) = 5816*g - 40763. Give x(7).
-51
Let b(r) = -13*r**2 + 1276*r - 31317. Give b(50).
-17
Let v(k) = k**2 + 156*k - 112246. Determine v(266).
6
Let j(m) = -4*m**2 + 4362*m - 30501. Calculate j(7).
-163
Let s(x) = -x**3 + 41*x**2 + 1739*x - 83. Determine s(-26).
-5
Let i(k) = 1429*k - 14959. Calculate i(10).
-669
Let l(g) = 3973*g - 298058. Determine l(75).
-83
Let b(d) = -d**3 + 56424*d**2 - 338508*d - 5. Give b(6).
-5
Let x(r) = -r**3 + 25*r**2 - 216*r + 35. What is x(7)?
-595
Let x(t) = -8*t**2 - 6*t - 64. Calculate x(-14).
-1548
Let m(f) = 5965*f + 5404285. Give m(-906).
-5
Let q(y) = -y**2 - 170*y + 54294. Calculate q(-333).
15
Let b(v) = -1808*v + 495380. Give b(274).
-12
Let t(v) = -5*v**3 + 15*v**2 - 10*v - 661. Calculate t(-8).
2939
Let p(a) = -a**3 - 4*a**2 + 150*a - 525. Calculate p(6).
15
Let r(t) = 2*t**3 + 9*t**2 + 149*t + 269. Calculate r(-2).
-9
Let l(p) = p**3 + 64*p**2 + 1003*p + 1438. Give l(-36).
1618
Let t(j) = -j**3 - 3018*j**2 - 62941*j + 24. Calculate t(-21).
108
Let l(m) = 2*m**3 - 269*m**2 - 686*m - 522. Calculate l(137).
-659
Let h(a) = a**3 + 312*a**2 - 5252*a - 39. Calculate h(16).
-103
Let o(z) = -341*z + 7310. What is o(21)?
149
Let g(l) = -9*l**2 - 434*l + 95. Give g(-47).
612
Let f(l) = 11453450*l + 91627598. Determine f(-8).
-2
Let y(p) = -p**3 - 118*p**2 - 3055*p + 10421. Calculate y(-76).
9
Let s(m) = 3*m**3 - 3*m**2 + 149*m - 729. What is s(5)?
316
Let i(w) = -3053*w**3 - 2*w**2 - 2536*w + 2537. Give i(1).
-3054
Let v(m) = 3*m**3 - 158*m**2 - 26*m - 1274. Give v(53).
157
Let v(r) = -2*r**3 - 125*r**2 + 141*r - 9. Give v(1).
5
Let k(m) = -m**3 + 72*m**2 - 88*m + 1685. Determine k(71).
478
Let u(i) = -i**3 + 7*i**2 + 2725*i - 19165. Calculate u(7).
-90
Let r(u) = -16*u**3 - 29*u + 33. Calculate r(5).
-2112
Let j(h) = h**2 - 150*h - 3563. What is j(-25)?
812
Let s(u) = u**2 + 458*u - 38182. Calculate s(72).
-22
Let i(p) = -1671*p**2 + 2708*p + 1276. What is i(2)?
8
Let c(g) = 45496*g - 91046. Determine c(2).
-54
Let h(f) = f**3 - 24*f**2 + 1624*f - 48607. Determine h(28).
1
Let y(l) = 13117*l + 65251. Give y(-5).
-334
Let m(x) = -x**3 + 8*x**2 + 49*x + 81. What is m(-5)?
161
Let n(m) = 101*m + 2661. Calculate n(-26).
35
Let c(x) = -18*x**2 - 467*x - 834. Calculate c(-24).
6
Let k(l) = -21407*l - 321095. Calculate k(-15).
10
Let i(g) = 2141*g - 12878. Determine i(6).
-32
Let b(o) = -o**3 + o**2 - 214*o + 1439. Calculate b(6).
-25
Let a(m) = 7*m**2 + 146*m - 1379. Calculate a(8).
237
Let x(i) = -24*i**3 - 400*i**2 - 17*i + 103. Calculate x(-17).
2704
Let f(r) = -5573*r - 4006999. Give f(-719).
-12
Let x(a) = 151*a**2 - 354*a - 111. Determine x(-3).
2310
Let n(k) = 9863*k + 197221. Determine n(-20).
-39
Let k(s) = 2824*s + 598648. Calculate k(-212).
-40
Let u(g) = -72*g**3 + 7344*g**2 - 8*g + 540. Calculate u(102).
-276
Let v(u) = 62437*u + 15546817. Determine v(-249).
4
Let h(f) = 18*f**2 - 3803*f + 700. Determine h(211).
-355
Let d(n) = 6542*n + 89198. Give d(-14).
-2390
Let s(r) = 3*r**3 + 25*r**2 + 21*r - 684. Give s(4).
-8
Let l(m) = -385*m + 118340. What is l(307)?
145
Let t(o) = -1122*o - 69371. Determine t(-62).
193
Let v(j) = -7120*j + 711950. What is v(100)?
-50
Let k(f) = -f**2 - 833*f - 12348. Determine k(-15).
-78
Let k(o) = -4414*o + 1253603. What is k(284)?
27
Let z(a) = 78*a + 3056. Determine z(-48).
-688
Let h(n) = 33*n**3 - 44*n**2 - 671*n + 690. Calculate h(1).
8
Let x(y) = -9*y**2 - 36*y + 35. What is x(1)?
-10
Let n(r) = -9347*r - 84197. Give n(-9).
-74
Let b(k) = k**3 - 213*k**2 - 301*k + 18611. Give b(214).
-7
Let b(r) = 2*r**2 - 261*r + 122. Calculate b(130).
-8
Let r(w) = 537*w + 2801. Calculate r(-16).
-5791
Let p(u) = 3*u**3 + 51*u**2 - 97*u - 1152. Give p(-18).
-378
Let r(o) = 1436*o - 58886. Determine r(41).
-10
Let l(b) = -166323*b - 64533333. Give l(-388).
-9
Let v(z) = -z**3 + 23*z**2 - 113*z + 12. Determine v(16).
-4
Let q(a) = 2*a**3 - 299*a**2 + 895*a - 41. Calculate q(3).
7
Let g(b) = -69062*b + 3176846. Determine g(46).
-6
Let r(s) = -27984*s + 196093. Calculate r(7).
205
Let a(f) = -39*f**2 + 1944*f - 3456. Calculate a(48).
0
Let p(k) = 37*k - 977. Determine p(44).
651
Let a(z) = 40519*z - 243115. Calculate a(6).
-1
Let c(n) = -n**3 - 85*n**2 + 536*n - 860. Calculate c(-91).
50
Let p(u) = -7*u**2 + 2833*u - 26973. Give p(395).
-113
Let b(a) = -2*a**2 - 56*a - 1103. Calculate b(-22).
-839
Let j(g) = -131*g**2 - 97*g - 520. Determine j(-4).
-2228
Let v(a) = 385*a + 94740. Determine v(-246).
30
Let v(n) = -5598*n - 20974. What is v(-4)?
1418
Let d(v) = 694*v + 77036. Give d(-111).
2
Let i(o) = 4*o**2 + 24*o + 8. Calculate i(-1).
-12
Let j(c) = -982711*c - 11792526. Calculate j(-12).
6
Let h(y) = -158*y + 27882. Give h(191).
-2296
Let x(k) = 8905*k + 650065. What is x(-73)?
0
Let d(g) = -g**3 - 103*g**2 - 585*g - 23. Give d(-6).
-5
Let l(h) = -32*h**2 - 1998*h + 15548. What is l(7)?
-6
Let j(o) = o**3 + 69*o**2 + 509*o + 4632. What is j(-62)?
-18
Let t(d) = d**2 + 204*d + 2688. Give t(-190).
28
Let b(z) = 9636*z - 7232. What is b(1)?
2404
Let c(a) = -1304*a - 655918. What is c(-503)?
-6
Let o(y) = -2*y**3 + 44*y**2 + 178*y - 24. Calculate o(-4).
96
Let s(h) = -10*h**2 - 37*h + 914. Determine s(8).
-22
Let d(n) = -7*n**2 - 84295*n + 84296. What is d(1)?
-6
Let a(u) = 563*u**2 + 29*u + 5. Determine a(1).
597
Let m(b) = -47*b**2 + 5703*b + 143. Calculate m(121).
2079
Let x(h) = -2*h**3 + 36*h**2 - 27*h - 715. Give x(6).
-13
Let k(z) = -15*z**3 + 587*z**2 + 863*z - 36705. What is k(39)?
-6
Let m(d) = d**3 + 27*d**2 - 312*d - 5376. What is m(-31)?
452
Let j(x) = -7585*x + 758300. Calculate j(100).
-200
Let s(w) = -25*w**2 - 3248*w - 9281. Calculate s(-127).
-10
Let n(q) = 29*q**3 + 4*q**2 + 294*q - 587. Give n(2).
249
Let w(f) = f**3 + 77*f**2 - 602*f + 14. Give w(7).
-84
Let x(f) = -f**2 + 2148*f + 65342. Calculate x(-30).
2
Let z(c) = -c**2 + 2899*c + 84896. Give z(-29).
-16
Let s(b) = -4*b**2 + 156*b + 2184. What is s(-11)?
-16
Let l(n) = 167*n - 3411. Give l(21).
96
Let p(o) = -3748*o + 14963. Give p(4).
-29
Let y(q) = -3*q**2 + 19826*q - 197937. Determine y(10).
23
Let l(i) = -i**3 + 79*i**2 - 853*i - 518. Calculate l(66).
-188
Let p(z) = z**3 + 162*z**2 + 177*z + 2511. What is p(-161)?
-65
Let z(y) = y**3 - 88*y**2 - 10843*y - 608. What is z(-69)?
82
Let x(d) = 543*d**2 + 4837*d - 437. Calculate x(-9).
13
Let b(t) = -49*t**2 - 1809*t - 1618. Determine b(-36).
2
Let b(x) = -2259*x - 28957. Determine b(-13).
410
Let n(b) = 171*b + 46450. What is n(-276)?
-746
Let m(d) = d**3 + 91*d**2 + 196*d + 26542. What is m(-92)?
46
Let j(p) = -2*p**3 - 52*p**2 + 1006*p - 243. What is j(-39)?
69
Let a(c) = c**2 + 19726*c + 1571686. Give a(-80).
6
Let x(j) = 2*j**2 + 504*j + 27863. What is x(-82)?
-17
Let o(r) = 12*r**3 + 13*r**2 + 113*r + 194. What is o(-3)?
-352
Let x(p) = 7*p**2 - 3675*p - 60583. Calculate x(-16).
9
Let c(g) = -492*g - 24801. Give c(-47).
-1677
Let u(d) = -75*d - 1128. Determine u(-13).
-153
Let d(s) = s**3 - 931*s**2 + 105503*s - 27977. Determine d(799).
-12
Let k(m) = -m**3 + 24*m**2 + 2086*m - 50061. Determine k(24).
3
Let n(f) = -7519*f - 1233123. What i